{"id":2486,"date":"2020-02-12T13:24:46","date_gmt":"2020-02-12T12:24:46","guid":{"rendered":"https:\/\/wienerneustadt1.at\/?page_id=2486"},"modified":"2023-02-20T14:29:58","modified_gmt":"2023-02-20T13:29:58","slug":"knodelmacherin-gesucht","status":"publish","type":"page","link":"https:\/\/wienerneustadt1.at\/index.php\/knodelmacherin-gesucht\/","title":{"rendered":"Kn\u00f6delmacher*in gesucht"},"content":{"rendered":"\t\t<div data-elementor-type=\"wp-page\" data-elementor-id=\"2486\" class=\"elementor elementor-2486\">\n\t\t\t\t\t\t<section class=\"elementor-section elementor-top-section elementor-element elementor-element-19cb787 elementor-section-boxed elementor-section-height-default elementor-section-height-default\" data-id=\"19cb787\" data-element_type=\"section\">\n\t\t\t\t\t\t<div class=\"elementor-container elementor-column-gap-default\">\n\t\t\t\t\t<div class=\"elementor-column elementor-col-100 elementor-top-column elementor-element elementor-element-179b96d\" data-id=\"179b96d\" data-element_type=\"column\">\n\t\t\t<div class=\"elementor-widget-wrap elementor-element-populated\">\n\t\t\t\t\t\t<div class=\"elementor-element elementor-element-e5dd4db elementor-widget elementor-widget-image\" data-id=\"e5dd4db\" data-element_type=\"widget\" data-widget_type=\"image.default\">\n\t\t\t\t<div class=\"elementor-widget-container\">\n\t\t\t\t\t\t\t\t\t\t\t\t\t\t\t<img fetchpriority=\"high\" decoding=\"async\" width=\"450\" height=\"457\" src=\"https:\/\/wienerneustadt1.at\/wp-content\/uploads\/2020\/01\/2e0c2694-4e2f-4736-bfbc-e7debd890802.jpg\" class=\"attachment-large size-large wp-image-2142\" alt=\"\" \/>\t\t\t\t\t\t\t\t\t\t\t\t\t\t\t<\/div>\n\t\t\t\t<\/div>\n\t\t\t\t\t<\/div>\n\t\t<\/div>\n\t\t\t\t\t<\/div>\n\t\t<\/section>\n\t\t\t\t<section class=\"elementor-section elementor-top-section elementor-element elementor-element-fd1b35e elementor-section-boxed elementor-section-height-default elementor-section-height-default\" data-id=\"fd1b35e\" data-element_type=\"section\">\n\t\t\t\t\t\t<div class=\"elementor-container elementor-column-gap-default\">\n\t\t\t\t\t<div class=\"elementor-column elementor-col-100 elementor-top-column elementor-element elementor-element-b5abc8b\" data-id=\"b5abc8b\" data-element_type=\"column\">\n\t\t\t<div class=\"elementor-widget-wrap elementor-element-populated\">\n\t\t\t\t\t\t<div class=\"elementor-element elementor-element-adbd225 elementor-widget elementor-widget-text-editor\" data-id=\"adbd225\" data-element_type=\"widget\" data-widget_type=\"text-editor.default\">\n\t\t\t\t<div class=\"elementor-widget-container\">\n\t\t\t\t\t\t\t\t\t<p>Seit 2002 veranstalten wir am letzten Wochenende der Sommerferien unseren beliebten Kn\u00f6delheurigen. Wir freuen uns auf alle Besucher <em>\u2013\u00a0<\/em>Pfadfinder oder (noch) nicht!<\/p><p>Die s\u00fc\u00dfen und pikanten Kn\u00f6del werden aber nicht einfach im n\u00e4chsten Supermarkt gekauft, sondern \u00fcber den Sommer hinweg von flei\u00dfigen Helfer*innen unserer Gruppe selbst vorbereitet. Ein gro\u00dfer Dank nochmal an dieser Stelle! \u2665<\/p><p>Doch die Anzahl der freiwilligen Kn\u00f6del-Held*innen, meist Eltern, Freunde oder Bekannte der Gruppe, ist begrenzt. Somit brauchen wir DEINE Hilfe!\u00a0<\/p><p>Du m\u00f6chtest uns unterst\u00fctzen, bist motiviert Neues zu lernen und kontaktfreudig? &#8211; Das w\u00e4re kn\u00f6delbar!<br \/>Denn wir suchen dringend weitere Kn\u00f6delmacher*innen, welche unser erfahrenes Team bereichern. F\u00fcrs Kn\u00f6del-Machen muss man weder studiert, noch sonst irgendeinen Kurs belegt haben.<\/p><p>Wenn du Interesse hast, melde dich einfach unter <span style=\"color: #bf0000;\"><a style=\"color: #bf0000;\" href=\"mailto:web@wienerneustadt1.at\">web@wienerneustadt1.at <\/a><\/span>oder sprich jemanden aus der\u00a0Gruppe an.\u00a0<\/p><p>Wir freuen uns auf dich!<\/p>\t\t\t\t\t\t\t\t<\/div>\n\t\t\t\t<\/div>\n\t\t\t\t\t<\/div>\n\t\t<\/div>\n\t\t\t\t\t<\/div>\n\t\t<\/section>\n\t\t\t\t<\/div>\n\t\t","protected":false},"excerpt":{"rendered":"<p>Seit 2002 veranstalten wir am letzten Wochenende der Sommerferien unseren beliebten Kn\u00f6delheurigen. Wir freuen uns auf alle Besucher \u2013&nbsp;Pfadfinder oder (noch) nicht! Die s\u00fc\u00dfen und pikanten Kn\u00f6del werden aber nicht einfach im n\u00e4chsten Supermarkt gekauft, sondern \u00fcber den Sommer hinweg von flei\u00dfigen Helfer*innen unserer Gruppe selbst vorbereitet. Ein gro\u00dfer Dank nochmal an dieser Stelle! \u2665 [&hellip;]<\/p>\n","protected":false},"author":1,"featured_media":0,"parent":0,"menu_order":0,"comment_status":"closed","ping_status":"closed","template":"","meta":{"ocean_post_layout":"","ocean_both_sidebars_style":"","ocean_both_sidebars_content_width":0,"ocean_both_sidebars_sidebars_width":0,"ocean_sidebar":"0","ocean_second_sidebar":"0","ocean_disable_margins":"enable","ocean_add_body_class":"","ocean_shortcode_before_top_bar":"","ocean_shortcode_after_top_bar":"","ocean_shortcode_before_header":"","ocean_shortcode_after_header":"","ocean_has_shortcode":"","ocean_shortcode_after_title":"","ocean_shortcode_before_footer_widgets":"","ocean_shortcode_after_footer_widgets":"","ocean_shortcode_before_footer_bottom":"","ocean_shortcode_after_footer_bottom":"","ocean_display_top_bar":"default","ocean_display_header":"default","ocean_header_style":"","ocean_center_header_left_menu":"0","ocean_custom_header_template":"0","ocean_custom_logo":0,"ocean_custom_retina_logo":0,"ocean_custom_logo_max_width":0,"ocean_custom_logo_tablet_max_width":0,"ocean_custom_logo_mobile_max_width":0,"ocean_custom_logo_max_height":0,"ocean_custom_logo_tablet_max_height":0,"ocean_custom_logo_mobile_max_height":0,"ocean_header_custom_menu":"0","ocean_menu_typo_font_family":"0","ocean_menu_typo_font_subset":"","ocean_menu_typo_font_size":0,"ocean_menu_typo_font_size_tablet":0,"ocean_menu_typo_font_size_mobile":0,"ocean_menu_typo_font_size_unit":"px","ocean_menu_typo_font_weight":"","ocean_menu_typo_font_weight_tablet":"","ocean_menu_typo_font_weight_mobile":"","ocean_menu_typo_transform":"","ocean_menu_typo_transform_tablet":"","ocean_menu_typo_transform_mobile":"","ocean_menu_typo_line_height":0,"ocean_menu_typo_line_height_tablet":0,"ocean_menu_typo_line_height_mobile":0,"ocean_menu_typo_line_height_unit":"","ocean_menu_typo_spacing":0,"ocean_menu_typo_spacing_tablet":0,"ocean_menu_typo_spacing_mobile":0,"ocean_menu_typo_spacing_unit":"","ocean_menu_link_color":"","ocean_menu_link_color_hover":"","ocean_menu_link_color_active":"","ocean_menu_link_background":"","ocean_menu_link_hover_background":"","ocean_menu_link_active_background":"","ocean_menu_social_links_bg":"","ocean_menu_social_hover_links_bg":"","ocean_menu_social_links_color":"","ocean_menu_social_hover_links_color":"","ocean_disable_title":"default","ocean_disable_heading":"on","ocean_post_title":"","ocean_post_subheading":"","ocean_post_title_style":"background-image","ocean_post_title_background_color":"","ocean_post_title_background":3700,"ocean_post_title_bg_image_position":"","ocean_post_title_bg_image_attachment":"","ocean_post_title_bg_image_repeat":"","ocean_post_title_bg_image_size":"auto","ocean_post_title_height":200,"ocean_post_title_bg_overlay":0.5,"ocean_post_title_bg_overlay_color":"","ocean_disable_breadcrumbs":"off","ocean_breadcrumbs_color":"","ocean_breadcrumbs_separator_color":"","ocean_breadcrumbs_links_color":"","ocean_breadcrumbs_links_hover_color":"","ocean_display_footer_widgets":"default","ocean_display_footer_bottom":"default","ocean_custom_footer_template":"0","footnotes":""},"class_list":["post-2486","page","type-page","status-publish","hentry","entry"],"_links":{"self":[{"href":"https:\/\/wienerneustadt1.at\/index.php\/wp-json\/wp\/v2\/pages\/2486","targetHints":{"allow":["GET"]}}],"collection":[{"href":"https:\/\/wienerneustadt1.at\/index.php\/wp-json\/wp\/v2\/pages"}],"about":[{"href":"https:\/\/wienerneustadt1.at\/index.php\/wp-json\/wp\/v2\/types\/page"}],"author":[{"embeddable":true,"href":"https:\/\/wienerneustadt1.at\/index.php\/wp-json\/wp\/v2\/users\/1"}],"replies":[{"embeddable":true,"href":"https:\/\/wienerneustadt1.at\/index.php\/wp-json\/wp\/v2\/comments?post=2486"}],"version-history":[{"count":14,"href":"https:\/\/wienerneustadt1.at\/index.php\/wp-json\/wp\/v2\/pages\/2486\/revisions"}],"predecessor-version":[{"id":3701,"href":"https:\/\/wienerneustadt1.at\/index.php\/wp-json\/wp\/v2\/pages\/2486\/revisions\/3701"}],"wp:attachment":[{"href":"https:\/\/wienerneustadt1.at\/index.php\/wp-json\/wp\/v2\/media?parent=2486"}],"curies":[{"name":"wp","href":"https:\/\/api.w.org\/{rel}","templated":true}]}}