{"id":1678,"date":"2019-12-14T12:32:58","date_gmt":"2019-12-14T11:32:58","guid":{"rendered":"https:\/\/wienerneustadt1.at\/?page_id=1678"},"modified":"2021-08-17T16:43:47","modified_gmt":"2021-08-17T14:43:47","slug":"ausrustungsguide","status":"publish","type":"page","link":"https:\/\/wienerneustadt1.at\/index.php\/ausrustungsguide\/","title":{"rendered":"Ausr\u00fcstungsguide"},"content":{"rendered":"\t\t<div data-elementor-type=\"wp-page\" data-elementor-id=\"1678\" class=\"elementor elementor-1678\">\n\t\t\t\t\t\t<section class=\"elementor-section elementor-top-section elementor-element elementor-element-c8f26a1 elementor-section-boxed elementor-section-height-default elementor-section-height-default\" data-id=\"c8f26a1\" data-element_type=\"section\">\n\t\t\t\t\t\t<div class=\"elementor-container elementor-column-gap-default\">\n\t\t\t\t\t<div class=\"elementor-column elementor-col-100 elementor-top-column elementor-element elementor-element-6f830cc\" data-id=\"6f830cc\" data-element_type=\"column\">\n\t\t\t<div class=\"elementor-widget-wrap elementor-element-populated\">\n\t\t\t\t\t\t<div class=\"elementor-element elementor-element-ba85b67 elementor-widget elementor-widget-spacer\" data-id=\"ba85b67\" data-element_type=\"widget\" data-widget_type=\"spacer.default\">\n\t\t\t\t<div class=\"elementor-widget-container\">\n\t\t\t\t\t\t\t<div class=\"elementor-spacer\">\n\t\t\t<div class=\"elementor-spacer-inner\"><\/div>\n\t\t<\/div>\n\t\t\t\t\t\t<\/div>\n\t\t\t\t<\/div>\n\t\t\t\t\t<\/div>\n\t\t<\/div>\n\t\t\t\t\t<\/div>\n\t\t<\/section>\n\t\t\t\t<section class=\"elementor-section elementor-top-section elementor-element elementor-element-9ae81c5 elementor-section-boxed elementor-section-height-default elementor-section-height-default\" data-id=\"9ae81c5\" data-element_type=\"section\">\n\t\t\t\t\t\t<div class=\"elementor-container elementor-column-gap-default\">\n\t\t\t\t\t<div class=\"elementor-column elementor-col-100 elementor-top-column elementor-element elementor-element-d8114c9\" data-id=\"d8114c9\" data-element_type=\"column\">\n\t\t\t<div class=\"elementor-widget-wrap elementor-element-populated\">\n\t\t\t\t\t\t<div class=\"elementor-element elementor-element-d741c52 elementor-widget elementor-widget-spacer\" data-id=\"d741c52\" data-element_type=\"widget\" data-widget_type=\"spacer.default\">\n\t\t\t\t<div class=\"elementor-widget-container\">\n\t\t\t\t\t\t\t<div class=\"elementor-spacer\">\n\t\t\t<div class=\"elementor-spacer-inner\"><\/div>\n\t\t<\/div>\n\t\t\t\t\t\t<\/div>\n\t\t\t\t<\/div>\n\t\t\t\t\t<\/div>\n\t\t<\/div>\n\t\t\t\t\t<\/div>\n\t\t<\/section>\n\t\t\t\t<section class=\"elementor-section elementor-top-section elementor-element elementor-element-abcb9e9 elementor-section-boxed elementor-section-height-default elementor-section-height-default\" data-id=\"abcb9e9\" data-element_type=\"section\">\n\t\t\t\t\t\t<div class=\"elementor-container elementor-column-gap-default\">\n\t\t\t\t\t<div class=\"elementor-column elementor-col-100 elementor-top-column elementor-element elementor-element-02f03f7\" data-id=\"02f03f7\" data-element_type=\"column\">\n\t\t\t<div class=\"elementor-widget-wrap elementor-element-populated\">\n\t\t\t\t\t\t<div class=\"elementor-element elementor-element-921f449 elementor-widget elementor-widget-heading\" data-id=\"921f449\" data-element_type=\"widget\" data-widget_type=\"heading.default\">\n\t\t\t\t<div class=\"elementor-widget-container\">\n\t\t\t\t\t<h2 class=\"elementor-heading-title elementor-size-large\">Ausr\u00fcstungsguide<\/h2>\t\t\t\t<\/div>\n\t\t\t\t<\/div>\n\t\t\t\t\t<\/div>\n\t\t<\/div>\n\t\t\t\t\t<\/div>\n\t\t<\/section>\n\t\t\t\t<section class=\"elementor-section elementor-top-section elementor-element elementor-element-97977a7 elementor-section-boxed elementor-section-height-default elementor-section-height-default\" data-id=\"97977a7\" data-element_type=\"section\">\n\t\t\t\t\t\t<div class=\"elementor-container elementor-column-gap-default\">\n\t\t\t\t\t<div class=\"elementor-column elementor-col-100 elementor-top-column elementor-element elementor-element-dce3e38\" data-id=\"dce3e38\" data-element_type=\"column\">\n\t\t\t<div class=\"elementor-widget-wrap elementor-element-populated\">\n\t\t\t\t\t\t<div class=\"elementor-element elementor-element-95f8aa2 elementor-widget elementor-widget-text-editor\" data-id=\"95f8aa2\" data-element_type=\"widget\" data-widget_type=\"text-editor.default\">\n\t\t\t\t<div class=\"elementor-widget-container\">\n\t\t\t\t\t\t\t\t\t<p>Um das Abenteuer Pfadfinder so richtig zu genie\u00dfen, gibt es ein paar Ausr\u00fcstungs\u00adge\u00adgen\u00adst\u00e4nde, die wichtig sind. Hier erkl\u00e4ren wir, was dazu z\u00e4hlt und was man beachten soll.<\/p><h5>In der Heimstunde<\/h5><p>F\u00fcr die Heimstunde ist keine spezielle Ausr\u00fcstung notwendig. Falls das Versprechen bereits abgelegt wurde, soll nat\u00fcrlich das Halstuch getragen werden. Dar\u00fcber hinaus verbringen wir viel Zeit im Freien; deshalb sollte nur Kleidung getragen werden, die auch\u00a0<strong>schmutzig<\/strong>\u00a0gemacht werden darf!<\/p>\t\t\t\t\t\t\t\t<\/div>\n\t\t\t\t<\/div>\n\t\t\t\t\t<\/div>\n\t\t<\/div>\n\t\t\t\t\t<\/div>\n\t\t<\/section>\n\t\t\t\t<section class=\"elementor-section elementor-top-section elementor-element elementor-element-b030e26 elementor-section-boxed elementor-section-height-default elementor-section-height-default\" data-id=\"b030e26\" data-element_type=\"section\">\n\t\t\t\t\t\t<div class=\"elementor-container elementor-column-gap-default\">\n\t\t\t\t\t<div class=\"elementor-column elementor-col-100 elementor-top-column elementor-element elementor-element-ae3ec81\" data-id=\"ae3ec81\" data-element_type=\"column\">\n\t\t\t<div class=\"elementor-widget-wrap elementor-element-populated\">\n\t\t\t\t\t\t<div class=\"elementor-element elementor-element-31dcea5 elementor-widget elementor-widget-lae-posts-carousel\" data-id=\"31dcea5\" data-element_type=\"widget\" data-widget_type=\"lae-posts-carousel.default\">\n\t\t\t\t<div class=\"elementor-widget-container\">\n\t\t\t\t\t\n<div        id=\"lae-posts-carousel-69f588fe952bb\"\n        class=\"lae-posts-carousel lae-container lae-classic-skin\"\n        data-settings='{&quot;arrows&quot;:true,&quot;dots&quot;:false,&quot;autoplay&quot;:false,&quot;autoplay_speed&quot;:3000,&quot;animation_speed&quot;:300,&quot;pause_on_hover&quot;:true,&quot;adaptive_height&quot;:false,&quot;display_columns&quot;:3,&quot;scroll_columns&quot;:3,&quot;gutter&quot;:{&quot;size&quot;:10},&quot;tablet_width&quot;:800,&quot;tablet_display_columns&quot;:2,&quot;tablet_scroll_columns&quot;:2,&quot;tablet_gutter&quot;:{&quot;size&quot;:10},&quot;mobile_width&quot;:480,&quot;mobile_display_columns&quot;:1,&quot;mobile_scroll_columns&quot;:1,&quot;mobile_gutter&quot;:{&quot;size&quot;:10}}'>\n<div data-id=\"id-2408\" class=\"lae-posts-carousel-item\">\n\n    <article id=\"post-2408\" class=\"post-2408 post type-post status-publish format-standard has-post-thumbnail hentry category-ausrustungsguide entry has-media\">\n\n        \n            \n            \n            \n                <div class=\"lae-project-image\">\n\n                    \n                    \n                    \n                        <a href=\"https:\/\/wienerneustadt1.at\/index.php\/2020\/02\/12\/uniform\/\"><img fetchpriority=\"high\" decoding=\"async\" width=\"283\" height=\"271\" src=\"https:\/\/wienerneustadt1.at\/wp-content\/uploads\/2019\/12\/uniform.png\" class=\"lae-image attachment-large size-large\" alt=\"uniform\" title=\"uniform\" \/><\/a>\n\n                    \n                    \n                        <div class=\"lae-image-info\">\n\n                            <div class=\"lae-entry-info\">\n\n                                \n                                    <h3 class=\"lae-post-title\">\n\n                                        <a href=\"https:\/\/wienerneustadt1.at\/index.php\/2020\/02\/12\/uniform\/\" title=\"Uniform\"\n                                           rel=\"bookmark\">Uniform<\/a>\n\n                                    <\/h3>\n\n                                \n                                \n                            <\/div>\n\n                        <\/div><!-- .lae-image-info -->\n\n                    \n                <\/div>\n\n            \n            \n                <div class=\"lae-entry-text-wrap \">\n\n                    \n                        <h3 class=\"entry-title\">\n\n                            <a href=\"https:\/\/wienerneustadt1.at\/index.php\/2020\/02\/12\/uniform\/\" title=\"Uniform\"\n                               rel=\"bookmark\">Uniform<\/a>\n\n                        <\/h3>\n\n                    \n                    \n                    \n                        <div class=\"entry-summary\">\n\n                            Hier weiterlesen!\n                        <\/div>\n\n                    \n                    \n                <\/div>\n\n            \n        \n    <\/article><!-- .hentry -->\n\n<\/div><!-- .lae-posts-carousel-item -->\n<div data-id=\"id-2416\" class=\"lae-posts-carousel-item\">\n\n    <article id=\"post-2416\" class=\"post-2416 post type-post status-publish format-standard hentry category-ausrustungsguide entry\">\n\n        \n            \n            \n            \n            \n                <div class=\"lae-entry-text-wrap  nothumbnail\">\n\n                    \n                        <h3 class=\"entry-title\">\n\n                            <a href=\"https:\/\/wienerneustadt1.at\/index.php\/2020\/02\/12\/sommerlager\/\" title=\"Sommerlager\"\n                               rel=\"bookmark\">Sommerlager<\/a>\n\n                        <\/h3>\n\n                    \n                    \n                    \n                        <div class=\"entry-summary\">\n\n                            Hier weiterlesen!\n                        <\/div>\n\n                    \n                    \n                <\/div>\n\n            \n        \n    <\/article><!-- .hentry -->\n\n<\/div><!-- .lae-posts-carousel-item -->\n<div data-id=\"id-2435\" class=\"lae-posts-carousel-item\">\n\n    <article id=\"post-2435\" class=\"post-2435 post type-post status-publish format-standard has-post-thumbnail hentry category-ausrustungsguide entry has-media\">\n\n        \n            \n            \n            \n                <div class=\"lae-project-image\">\n\n                    \n                    \n                    \n                        <a href=\"https:\/\/wienerneustadt1.at\/index.php\/2020\/02\/12\/rucksack-packen\/\"><img decoding=\"async\" width=\"960\" height=\"720\" src=\"https:\/\/wienerneustadt1.at\/wp-content\/uploads\/2021\/01\/WhatsApp-Image-2021-01-18-at-10.32.51.jpeg\" class=\"lae-image attachment-large size-large\" alt=\"WhatsApp Image 2021-01-18 at 10.32.51\" title=\"WhatsApp Image 2021-01-18 at 10.32.51\" \/><\/a>\n\n                    \n                    \n                        <div class=\"lae-image-info\">\n\n                            <div class=\"lae-entry-info\">\n\n                                \n                                    <h3 class=\"lae-post-title\">\n\n                                        <a href=\"https:\/\/wienerneustadt1.at\/index.php\/2020\/02\/12\/rucksack-packen\/\" title=\"Die richtige Ausr\u00fcstung\"\n                                           rel=\"bookmark\">Die richtige Ausr\u00fcstung<\/a>\n\n                                    <\/h3>\n\n                                \n                                \n                            <\/div>\n\n                        <\/div><!-- .lae-image-info -->\n\n                    \n                <\/div>\n\n            \n            \n                <div class=\"lae-entry-text-wrap \">\n\n                    \n                        <h3 class=\"entry-title\">\n\n                            <a href=\"https:\/\/wienerneustadt1.at\/index.php\/2020\/02\/12\/rucksack-packen\/\" title=\"Die richtige Ausr\u00fcstung\"\n                               rel=\"bookmark\">Die richtige Ausr\u00fcstung<\/a>\n\n                        <\/h3>\n\n                    \n                    \n                    \n                        <div class=\"entry-summary\">\n\n                            Hier weiterlesen!\n                        <\/div>\n\n                    \n                    \n                <\/div>\n\n            \n        \n    <\/article><!-- .hentry -->\n\n<\/div><!-- .lae-posts-carousel-item --><\/div><!-- .lae-posts-carousel -->\t\t\t\t<\/div>\n\t\t\t\t<\/div>\n\t\t\t\t\t<\/div>\n\t\t<\/div>\n\t\t\t\t\t<\/div>\n\t\t<\/section>\n\t\t\t\t<\/div>\n\t\t","protected":false},"excerpt":{"rendered":"<p>Ausr\u00fcstungsguide Um das Abenteuer Pfadfinder so richtig zu genie\u00dfen, gibt es ein paar Ausr\u00fcstungs\u00adge\u00adgen\u00adst\u00e4nde, die wichtig sind. Hier erkl\u00e4ren wir, was dazu z\u00e4hlt und was man beachten soll. In der Heimstunde F\u00fcr die Heimstunde ist keine spezielle Ausr\u00fcstung notwendig. Falls das Versprechen bereits abgelegt wurde, soll nat\u00fcrlich das Halstuch getragen werden. Dar\u00fcber hinaus verbringen wir [&hellip;]<\/p>\n","protected":false},"author":1,"featured_media":0,"parent":0,"menu_order":0,"comment_status":"closed","ping_status":"closed","template":"","meta":{"ocean_post_layout":"full-screen","ocean_both_sidebars_style":"","ocean_both_sidebars_content_width":0,"ocean_both_sidebars_sidebars_width":0,"ocean_sidebar":"0","ocean_second_sidebar":"0","ocean_disable_margins":"enable","ocean_add_body_class":"","ocean_shortcode_before_top_bar":"","ocean_shortcode_after_top_bar":"","ocean_shortcode_before_header":"","ocean_shortcode_after_header":"","ocean_has_shortcode":"","ocean_shortcode_after_title":"","ocean_shortcode_before_footer_widgets":"","ocean_shortcode_after_footer_widgets":"","ocean_shortcode_before_footer_bottom":"","ocean_shortcode_after_footer_bottom":"","ocean_display_top_bar":"default","ocean_display_header":"default","ocean_header_style":"","ocean_center_header_left_menu":"0","ocean_custom_header_template":"0","ocean_custom_logo":0,"ocean_custom_retina_logo":0,"ocean_custom_logo_max_width":0,"ocean_custom_logo_tablet_max_width":0,"ocean_custom_logo_mobile_max_width":0,"ocean_custom_logo_max_height":0,"ocean_custom_logo_tablet_max_height":0,"ocean_custom_logo_mobile_max_height":0,"ocean_header_custom_menu":"0","ocean_menu_typo_font_family":"0","ocean_menu_typo_font_subset":"","ocean_menu_typo_font_size":0,"ocean_menu_typo_font_size_tablet":0,"ocean_menu_typo_font_size_mobile":0,"ocean_menu_typo_font_size_unit":"px","ocean_menu_typo_font_weight":"","ocean_menu_typo_font_weight_tablet":"","ocean_menu_typo_font_weight_mobile":"","ocean_menu_typo_transform":"","ocean_menu_typo_transform_tablet":"","ocean_menu_typo_transform_mobile":"","ocean_menu_typo_line_height":0,"ocean_menu_typo_line_height_tablet":0,"ocean_menu_typo_line_height_mobile":0,"ocean_menu_typo_line_height_unit":"","ocean_menu_typo_spacing":0,"ocean_menu_typo_spacing_tablet":0,"ocean_menu_typo_spacing_mobile":0,"ocean_menu_typo_spacing_unit":"","ocean_menu_link_color":"","ocean_menu_link_color_hover":"","ocean_menu_link_color_active":"","ocean_menu_link_background":"","ocean_menu_link_hover_background":"","ocean_menu_link_active_background":"","ocean_menu_social_links_bg":"","ocean_menu_social_hover_links_bg":"","ocean_menu_social_links_color":"","ocean_menu_social_hover_links_color":"","ocean_disable_title":"default","ocean_disable_heading":"on","ocean_post_title":"","ocean_post_subheading":"","ocean_post_title_style":"background-image","ocean_post_title_background_color":"","ocean_post_title_background":3684,"ocean_post_title_bg_image_position":"top center","ocean_post_title_bg_image_attachment":"","ocean_post_title_bg_image_repeat":"","ocean_post_title_bg_image_size":"cover","ocean_post_title_height":0,"ocean_post_title_bg_overlay":0.5,"ocean_post_title_bg_overlay_color":"","ocean_disable_breadcrumbs":"off","ocean_breadcrumbs_color":"","ocean_breadcrumbs_separator_color":"","ocean_breadcrumbs_links_color":"","ocean_breadcrumbs_links_hover_color":"","ocean_display_footer_widgets":"default","ocean_display_footer_bottom":"default","ocean_custom_footer_template":"0","footnotes":""},"class_list":["post-1678","page","type-page","status-publish","hentry","entry","has-media"],"_links":{"self":[{"href":"https:\/\/wienerneustadt1.at\/index.php\/wp-json\/wp\/v2\/pages\/1678","targetHints":{"allow":["GET"]}}],"collection":[{"href":"https:\/\/wienerneustadt1.at\/index.php\/wp-json\/wp\/v2\/pages"}],"about":[{"href":"https:\/\/wienerneustadt1.at\/index.php\/wp-json\/wp\/v2\/types\/page"}],"author":[{"embeddable":true,"href":"https:\/\/wienerneustadt1.at\/index.php\/wp-json\/wp\/v2\/users\/1"}],"replies":[{"embeddable":true,"href":"https:\/\/wienerneustadt1.at\/index.php\/wp-json\/wp\/v2\/comments?post=1678"}],"version-history":[{"count":35,"href":"https:\/\/wienerneustadt1.at\/index.php\/wp-json\/wp\/v2\/pages\/1678\/revisions"}],"predecessor-version":[{"id":3706,"href":"https:\/\/wienerneustadt1.at\/index.php\/wp-json\/wp\/v2\/pages\/1678\/revisions\/3706"}],"wp:attachment":[{"href":"https:\/\/wienerneustadt1.at\/index.php\/wp-json\/wp\/v2\/media?parent=1678"}],"curies":[{"name":"wp","href":"https:\/\/api.w.org\/{rel}","templated":true}]}}