{"id":1328,"date":"2019-07-04T11:19:18","date_gmt":"2019-07-04T09:19:18","guid":{"rendered":"https:\/\/beispielwebsite.das-ppoe.at\/?page_id=1328"},"modified":"2020-06-20T10:30:55","modified_gmt":"2020-06-20T08:30:55","slug":"datenschutz","status":"publish","type":"page","link":"https:\/\/wienerneustadt1.at\/index.php\/datenschutz\/","title":{"rendered":"Datenschutz"},"content":{"rendered":"\t\t<div data-elementor-type=\"wp-post\" data-elementor-id=\"1328\" class=\"elementor elementor-1328\">\n\t\t\t\t\t\t<section class=\"elementor-section elementor-top-section elementor-element elementor-element-154ced2 elementor-section-boxed elementor-section-height-default elementor-section-height-default\" data-id=\"154ced2\" data-element_type=\"section\">\n\t\t\t\t\t\t<div class=\"elementor-container elementor-column-gap-default\">\n\t\t\t\t\t<div class=\"elementor-column elementor-col-100 elementor-top-column elementor-element elementor-element-8e33bbd\" data-id=\"8e33bbd\" data-element_type=\"column\">\n\t\t\t<div class=\"elementor-widget-wrap elementor-element-populated\">\n\t\t\t\t\t\t<div class=\"elementor-element elementor-element-e0f4faf elementor-widget elementor-widget-spacer\" data-id=\"e0f4faf\" data-element_type=\"widget\" data-widget_type=\"spacer.default\">\n\t\t\t\t<div class=\"elementor-widget-container\">\n\t\t\t\t\t\t\t<div class=\"elementor-spacer\">\n\t\t\t<div class=\"elementor-spacer-inner\"><\/div>\n\t\t<\/div>\n\t\t\t\t\t\t<\/div>\n\t\t\t\t<\/div>\n\t\t\t\t\t<\/div>\n\t\t<\/div>\n\t\t\t\t\t<\/div>\n\t\t<\/section>\n\t\t\t\t<section class=\"elementor-section elementor-top-section elementor-element elementor-element-a942ae8 elementor-section-boxed elementor-section-height-default elementor-section-height-default\" data-id=\"a942ae8\" data-element_type=\"section\">\n\t\t\t\t\t\t<div class=\"elementor-container elementor-column-gap-default\">\n\t\t\t\t\t<div class=\"elementor-column elementor-col-100 elementor-top-column elementor-element elementor-element-f2c3c79\" data-id=\"f2c3c79\" data-element_type=\"column\">\n\t\t\t<div class=\"elementor-widget-wrap elementor-element-populated\">\n\t\t\t\t\t\t<div class=\"elementor-element elementor-element-75b2165 elementor-widget elementor-widget-heading\" data-id=\"75b2165\" data-element_type=\"widget\" data-widget_type=\"heading.default\">\n\t\t\t\t<div class=\"elementor-widget-container\">\n\t\t\t\t\t<h1 class=\"elementor-heading-title elementor-size-xl\">Datenschutz<\/h1>\t\t\t\t<\/div>\n\t\t\t\t<\/div>\n\t\t\t\t\t<\/div>\n\t\t<\/div>\n\t\t\t\t\t<\/div>\n\t\t<\/section>\n\t\t\t\t<section class=\"elementor-section elementor-top-section elementor-element elementor-element-33e1c78 elementor-section-boxed elementor-section-height-default elementor-section-height-default\" data-id=\"33e1c78\" data-element_type=\"section\">\n\t\t\t\t\t\t<div class=\"elementor-container elementor-column-gap-default\">\n\t\t\t\t\t<div class=\"elementor-column elementor-col-100 elementor-top-column elementor-element elementor-element-dbe3e4c\" data-id=\"dbe3e4c\" data-element_type=\"column\">\n\t\t\t<div class=\"elementor-widget-wrap elementor-element-populated\">\n\t\t\t\t\t\t<div class=\"elementor-element elementor-element-f1e8bd1 elementor-widget elementor-widget-spacer\" data-id=\"f1e8bd1\" data-element_type=\"widget\" data-widget_type=\"spacer.default\">\n\t\t\t\t<div class=\"elementor-widget-container\">\n\t\t\t\t\t\t\t<div class=\"elementor-spacer\">\n\t\t\t<div class=\"elementor-spacer-inner\"><\/div>\n\t\t<\/div>\n\t\t\t\t\t\t<\/div>\n\t\t\t\t<\/div>\n\t\t\t\t\t<\/div>\n\t\t<\/div>\n\t\t\t\t\t<\/div>\n\t\t<\/section>\n\t\t\t\t<section class=\"elementor-section elementor-top-section elementor-element elementor-element-703c32b elementor-section-boxed elementor-section-height-default elementor-section-height-default\" data-id=\"703c32b\" data-element_type=\"section\">\n\t\t\t\t\t\t<div class=\"elementor-container elementor-column-gap-default\">\n\t\t\t\t\t<div class=\"elementor-column elementor-col-100 elementor-top-column elementor-element elementor-element-ba9f0a1\" data-id=\"ba9f0a1\" data-element_type=\"column\">\n\t\t\t<div class=\"elementor-widget-wrap elementor-element-populated\">\n\t\t\t\t\t\t<div class=\"elementor-element elementor-element-49d1d30 elementor-widget elementor-widget-text-editor\" data-id=\"49d1d30\" data-element_type=\"widget\" data-widget_type=\"text-editor.default\">\n\t\t\t\t<div class=\"elementor-widget-container\">\n\t\t\t\t\t\t\t\t\t<p class=\"MsoNormal\" style=\"mso-margin-top-alt: auto; mso-margin-bottom-alt: auto; line-height: normal; mso-outline-level: 1;\"><b><span style=\"font-size: 24pt; font-family: Arial, sans-serif;\">Information zur Verwendung Ihrer Daten<\/span><\/b><b><\/b><\/p><p class=\"MsoNormal\" style=\"mso-margin-top-alt: auto; mso-margin-bottom-alt: auto; line-height: normal;\"><span style=\"font-size: 12.0pt; font-family: 'Arial',sans-serif; mso-fareast-font-family: 'Times New Roman'; color: #333333; mso-fareast-language: DE-AT;\">Hiermit informieren wir Sie \u00fcber die Verarbeitung Ihrer personenbezogenen Daten durch die Pfadfinder*innen und die Ihnen nach dem Datenschutzrecht zustehenden Rechte.<\/span><\/p><p class=\"MsoNormal\" style=\"mso-margin-top-alt: auto; mso-margin-bottom-alt: auto; line-height: normal; mso-outline-level: 2;\"><b><span style=\"font-size: 18pt; font-family: Arial, sans-serif;\">Verantwortliche f\u00fcr die Datenverarbeitung<\/span><\/b><b><\/b><\/p><p class=\"MsoNormal\" style=\"margin-bottom: .0001pt; line-height: normal;\"><span style=\"font-size: 12.0pt; font-family: 'Arial',sans-serif; mso-fareast-font-family: 'Times New Roman'; mso-fareast-language: DE-AT;\">Nieder\u00f6sterreichische Pfadfinder und Pfadfinderinnen, Gruppe Wiener Neustadt 1<br \/>Gymelsdorfer Gasse 33, 2700 Wiener Neustadt<\/span><\/p><p class=\"MsoNormal\" style=\"margin-bottom: .0001pt; line-height: normal;\"><span style=\"font-size: 12.0pt; font-family: 'Arial',sans-serif; mso-fareast-font-family: 'Times New Roman'; color: #333333; mso-fareast-language: DE-AT;\">E-Mail: <\/span><span style=\"font-size: 12.0pt; font-family: 'Arial',sans-serif; mso-fareast-font-family: 'Times New Roman'; mso-fareast-language: DE-AT;\">web@wienerneustadt1.at<br \/><span style=\"color: #333333;\"><br \/>Kontaktpersonen f\u00fcr Anfragen zum Datenschutz sind die jeweiligen nach Vereinsrecht f\u00fcr die Vertretung zust\u00e4ndigen Personen, die im ZVR eingesehen werden k\u00f6nnen.<\/span><br \/><span style=\"color: #333333;\">Zentrales Vereinsregister Zahl (ZVR): <b>244581048<\/b><\/span><br \/><span style=\"color: #333333;\">Link zum ZVR: https:\/\/citizen.bmi.gv.at\/at.gv.bmi.fnsweb-p\/zvn\/public\/Registerauszug<\/span><\/span><\/p><p class=\"MsoNormal\" style=\"mso-margin-top-alt: auto; mso-margin-bottom-alt: auto; line-height: normal;\"><span style=\"font-size: 12.0pt; font-family: 'Arial',sans-serif; mso-fareast-font-family: 'Times New Roman'; mso-fareast-language: DE-AT;\">\u00a0<\/span><\/p><p class=\"MsoNormal\" style=\"mso-margin-top-alt: auto; mso-margin-bottom-alt: auto; line-height: normal; mso-outline-level: 2;\"><b><span style=\"font-size: 18pt; font-family: Arial, sans-serif;\">Zwecke und Rechtsgrundlagen der Datenverarbeitung<\/span><\/b><b><\/b><\/p><p class=\"MsoNormal\" style=\"mso-margin-top-alt: auto; mso-margin-bottom-alt: auto; line-height: normal;\"><span style=\"font-size: 12.0pt; font-family: 'Arial',sans-serif; mso-fareast-font-family: 'Times New Roman'; color: #333333; mso-fareast-language: DE-AT;\">Wir verarbeiten Ihre personenbezogenen Daten auf Grund der datenschutzrechtlich relevanten Bestimmungen der EU-Datenschutz-Grundverordnung (DSGVO), des Datenschutzgesetzes (DSG), sowie aller weiteren ma\u00dfgeblichen Gesetze.<\/span><\/p><p class=\"MsoNormal\" style=\"mso-margin-top-alt: auto; mso-margin-bottom-alt: auto; line-height: normal;\"><span style=\"font-size: 12.0pt; font-family: 'Arial',sans-serif; mso-fareast-font-family: 'Times New Roman'; color: #333333; mso-fareast-language: DE-AT;\">F\u00fcr die Begr\u00fcndung der Mitgliedschaft in unserem Verein ben\u00f6tigen wir die bei der Anmeldung abgefragten pers\u00f6nlichen Daten. <\/span><span style=\"font-size: 12.0pt; font-family: 'Arial',sans-serif; mso-fareast-font-family: 'Times New Roman'; mso-fareast-language: DE-AT;\">Diese werden in unserer Mitgliederdatenbank iGrins gespeichert und verarbeitet. Zus\u00e4tzlich werd<span style=\"color: #333333;\">en die im Zuge einer Pfadikarriere anfallenden Ereignisdaten und Ausbildungsschritte ebenfalls gespeichert. Der Zweck, diese Daten zu verarbeiten besteht darin, unsere Mitglieder bei den Nieder\u00f6sterreichischen Pfadfindern und Pfadfinderinnen, Lenaugasse 13, 3400 Kierling, bei den Pfadfindern und Pfadfinderinnen \u00d6sterreich (PP\u00d6), St\u00f6berplatz 12, 1170 Wien und bei den Weltverb\u00e4nden (WOSM World Organization of the Scout Movement und WAGGGS World Association of Girl Guides and Girl Scouts) der Pfadfinderbewegung zu registrieren, mit unseren Mitgliedern in Kontakt treten zu k\u00f6nnen und diese in ihrem Vereinsleben zu begleiten. (Grundlage: DSGVO Artikel 6, 1b \u201ef\u00fcr die Erf\u00fcllung eines Vertrags\u201c)<\/span><br \/><span style=\"color: #333333;\">Die Daten unserer Mitglieder werden auch nach Ende der aktiven Mitgliedschaft nicht automatisch gel\u00f6scht. Erst durch den ausdr\u00fccklich und schriftlich erkl\u00e4rten Austritt werden jene Daten mit Personenbezug anonymisiert.<\/span><br \/><span style=\"color: #333333;\">Pers\u00f6nliche Daten von Nichtmitgliedern werden von uns nur dann gespeichert, wenn wir diese f\u00fcr unsere Vereinst\u00e4tigkeit zwingend ben\u00f6tigen. Dies k\u00f6nnen sein:<\/span><\/span><\/p><ul type=\"disc\"><li class=\"MsoNormal\" style=\"mso-margin-top-alt: auto; mso-margin-bottom-alt: auto; line-height: normal; mso-list: l0 level1 lfo1; tab-stops: list 36.0pt;\"><span style=\"font-size: 12.0pt; font-family: 'Arial',sans-serif; mso-fareast-font-family: 'Times New Roman'; color: #333333; mso-fareast-language: DE-AT;\">Kontaktdaten der Eltern oder anderer erziehungsberechtigter Personen unserer Mitglieder<\/span><\/li><li class=\"MsoNormal\" style=\"mso-margin-top-alt: auto; mso-margin-bottom-alt: auto; line-height: normal; mso-list: l0 level1 lfo1; tab-stops: list 36.0pt;\"><span style=\"font-size: 12.0pt; font-family: 'Arial',sans-serif; mso-fareast-font-family: 'Times New Roman'; color: #333333; mso-fareast-language: DE-AT;\">Sonstige Personen (Kontakte) zum Zwecke der Kontaktaufnahme oder Zusendung von Verbandszeitschriften oder anderen Medien<\/span><\/li><\/ul><p class=\"MsoNormal\" style=\"mso-margin-top-alt: auto; mso-margin-bottom-alt: auto; line-height: normal; mso-outline-level: 2;\"><b><span style=\"font-size: 15.0pt; font-family: 'Arial',sans-serif; mso-fareast-font-family: 'Times New Roman'; mso-fareast-language: DE-AT;\">Kategorien von Empf\u00e4ngern der personenbezogenen Daten<\/span><\/b><b><\/b><\/p><p class=\"MsoNormal\" style=\"mso-margin-top-alt: auto; mso-margin-bottom-alt: auto; line-height: normal;\"><span style=\"font-size: 12.0pt; font-family: 'Arial',sans-serif; mso-fareast-font-family: 'Times New Roman'; color: #333333; mso-fareast-language: DE-AT;\">Die Pfadfinder*innen sind eine weltweite Kinder und Jugendbewegung. Im Rahmen unserer verbandlichen T\u00e4tigkeit werden daher die Daten im erforderlichen Umfang an Mitgliedsorganisationen (Nieder\u00f6sterreichische Pfadfinder und Pfadfinderinnen, Lenaugasse 13, 3400 Kierling, Pfadfindern und Pfadfinderinnen \u00d6sterreich (PP\u00d6), St\u00f6berplatz 12, 1170 Wien) weitergegeben bzw. Zugriff darauf gew\u00e4hrt.<\/span><span style=\"font-size: 12.0pt; font-family: 'Arial',sans-serif; mso-fareast-font-family: 'Times New Roman'; mso-fareast-language: DE-AT;\"><br \/><span style=\"color: #333333;\">Wenn es im Rahmen von \u00f6ffentlichen F\u00f6rderungen erforderlich ist, werden die f\u00fcr den Nachweis erforderlichen Daten, wie insbesondere Name, Geschlecht, Geburtsdatum und allenfalls Funktion in unserem Verein, an \u00f6ffentliche F\u00f6rderstellen weitergegeben.<\/span><\/span><\/p><p class=\"MsoNormal\" style=\"mso-margin-top-alt: auto; mso-margin-bottom-alt: auto; line-height: normal; mso-outline-level: 2;\"><b><span style=\"font-size: 18pt; font-family: Arial, sans-serif;\">Daten besonderer Kategorie \u201eGesundheitsdaten\u201c<\/span><\/b><b><\/b><\/p><p class=\"MsoNormal\" style=\"mso-margin-top-alt: auto; mso-margin-bottom-alt: auto; line-height: normal;\"><span style=\"font-size: 12.0pt; font-family: 'Arial',sans-serif; mso-fareast-font-family: 'Times New Roman'; color: #333333; mso-fareast-language: DE-AT;\">F\u00fcr die Betreuung von Kindern und Jugendlichen kann es wichtig sein, dass das Leitungsteam spezielle Gesundheitsdaten kennen sollte. Diese und allenfalls andere sensible Daten werden nur zu bestimmten Zwecken (z.B. Teilnahme an Lagern) erhoben und jedenfalls nach Wegfall dieses Zweckes wieder vernichtet oder gel\u00f6scht.<\/span><\/p><p class=\"MsoNormal\" style=\"mso-margin-top-alt: auto; mso-margin-bottom-alt: auto; line-height: normal; mso-outline-level: 2;\"><b><span style=\"font-size: 18pt; font-family: Arial, sans-serif;\">Rechte an Bildern<\/span><\/b><\/p><p class=\"MsoNormal\" style=\"mso-margin-top-alt: auto; mso-margin-bottom-alt: auto; line-height: normal;\"><span style=\"font-size: 12.0pt; font-family: 'Arial',sans-serif; mso-fareast-font-family: 'Times New Roman'; color: #333333; mso-fareast-language: DE-AT;\">Im Rahmen der Vereinsaktivit\u00e4ten aufgenommene Fotos, sofern diese nicht eine Person in<\/span> <span style=\"font-size: 12.0pt; font-family: 'Arial',sans-serif; mso-fareast-font-family: 'Times New Roman'; color: #333333; mso-fareast-language: DE-AT;\">einer h\u00f6chstpers\u00f6nlichen Lebenssituation oder in einer entw\u00fcrdigenden Darstellung zeigen, werden f\u00fcr Zwecke der Vereins-Berichterstattung gespeichert und gegebenenfalls auch in Vereinsmedien und auf diversen allgemeinen sozialen Medien (Homepage, Facebook, etc) ver\u00f6ffentlicht bzw. innerhalb der Pfadfinder*innen-Organisation weitergegeben. Eine Nutzung f\u00fcr besondere Zwecke (Folder, Plakat, Homepage-Titelbild,..) erfolgt nur nach ausdr\u00fccklicher Zustimmung.<\/span><\/p><p class=\"MsoNormal\" style=\"mso-margin-top-alt: auto; mso-margin-bottom-alt: auto; line-height: normal; mso-outline-level: 2;\"><b><span style=\"font-size: 18pt; font-family: Arial, sans-serif;\">Betroffenenrechte<\/span><\/b><b><\/b><\/p><p class=\"MsoNormal\" style=\"mso-margin-top-alt: auto; mso-margin-bottom-alt: auto; line-height: normal;\"><span style=\"font-size: 12.0pt; font-family: 'Arial',sans-serif; mso-fareast-font-family: 'Times New Roman'; color: #333333; mso-fareast-language: DE-AT;\">Sie k\u00f6nnen unter der o. a. Adresse, unter Nachweis ihrer Identit\u00e4t, Auskunft \u00fcber die zu Ihrer Person gespeicherten Daten verlangen. Dar\u00fcber hinaus k\u00f6nnen Sie die Berichtigung oder unter bestimmten Voraussetzungen die L\u00f6schung Ihrer Daten verlangen.<\/span><\/p><p class=\"MsoNormal\" style=\"mso-margin-top-alt: auto; mso-margin-bottom-alt: auto; line-height: normal; mso-outline-level: 2;\"><b><span style=\"font-size: 18pt; font-family: Arial, sans-serif;\">Beschwerderecht<\/span><\/b><b><\/b><\/p><p class=\"MsoNormal\" style=\"mso-margin-top-alt: auto; mso-margin-bottom-alt: auto; line-height: normal;\"><span style=\"font-size: 12.0pt; font-family: 'Arial',sans-serif; mso-fareast-font-family: 'Times New Roman'; color: #333333; mso-fareast-language: DE-AT;\">Bei Fragen zur Verarbeitung Ihrer personenbezogenen Daten k\u00f6nnen Sie sich an den <\/span><span style=\"font-size: 12.0pt; font-family: 'Arial',sans-serif; mso-fareast-font-family: 'Times New Roman'; mso-fareast-language: DE-AT;\">Verantwortlichen des Vereins wenden <span style=\"color: #333333;\">(siehe E-Mail weiter oben).<\/span><br \/><span style=\"color: #333333;\">Daneben haben Sie das Recht auf Beschwerde bei einer Datenschutzaufsichtsbeh\u00f6rde. Die f\u00fcr uns zust\u00e4ndige Datenschutzaufsichtsbeh\u00f6rde ist:<\/span><\/span><\/p><p class=\"MsoNormal\" style=\"mso-margin-top-alt: auto; mso-margin-bottom-alt: auto; line-height: normal;\"><span style=\"font-size: 12.0pt; font-family: 'Arial',sans-serif; mso-fareast-font-family: 'Times New Roman'; color: #333333; mso-fareast-language: DE-AT;\">\u00d6sterreichische Datenschutzbeh\u00f6rde<\/span><span style=\"font-size: 12.0pt; font-family: 'Arial',sans-serif; mso-fareast-font-family: 'Times New Roman'; mso-fareast-language: DE-AT;\"><br \/><span style=\"color: #333333;\">Wickenburggasse 8<\/span><br \/><span style=\"color: #333333;\">1080 Wien<\/span><br \/><span style=\"color: #333333;\">Telefon: +43 1 52 152-0<\/span><br \/><span style=\"color: #333333;\">E-Mail: dsb@dsb.gv.at<\/span><\/span><\/p><p class=\"MsoNormal\"><span style=\"font-family: 'Arial',sans-serif;\">\u00a0<\/span><\/p>\t\t\t\t\t\t\t\t<\/div>\n\t\t\t\t<\/div>\n\t\t\t\t\t<\/div>\n\t\t<\/div>\n\t\t\t\t\t<\/div>\n\t\t<\/section>\n\t\t\t\t<\/div>\n\t\t","protected":false},"excerpt":{"rendered":"<p>Datenschutz Information zur Verwendung Ihrer Daten Hiermit informieren wir Sie \u00fcber die Verarbeitung Ihrer personenbezogenen Daten durch die Pfadfinder*innen und die Ihnen nach dem Datenschutzrecht zustehenden Rechte. Verantwortliche f\u00fcr die Datenverarbeitung Nieder\u00f6sterreichische Pfadfinder und Pfadfinderinnen, Gruppe Wiener Neustadt 1Gymelsdorfer Gasse 33, 2700 Wiener Neustadt E-Mail: web@wienerneustadt1.at Kontaktpersonen f\u00fcr Anfragen zum Datenschutz sind die jeweiligen nach [&hellip;]<\/p>\n","protected":false},"author":1,"featured_media":0,"parent":0,"menu_order":0,"comment_status":"closed","ping_status":"closed","template":"","meta":{"ocean_post_layout":"full-screen","ocean_both_sidebars_style":"","ocean_both_sidebars_content_width":0,"ocean_both_sidebars_sidebars_width":0,"ocean_sidebar":"0","ocean_second_sidebar":"0","ocean_disable_margins":"enable","ocean_add_body_class":"","ocean_shortcode_before_top_bar":"","ocean_shortcode_after_top_bar":"","ocean_shortcode_before_header":"","ocean_shortcode_after_header":"","ocean_has_shortcode":"","ocean_shortcode_after_title":"","ocean_shortcode_before_footer_widgets":"","ocean_shortcode_after_footer_widgets":"","ocean_shortcode_before_footer_bottom":"","ocean_shortcode_after_footer_bottom":"","ocean_display_top_bar":"default","ocean_display_header":"default","ocean_header_style":"","ocean_center_header_left_menu":"0","ocean_custom_header_template":"0","ocean_custom_logo":0,"ocean_custom_retina_logo":0,"ocean_custom_logo_max_width":0,"ocean_custom_logo_tablet_max_width":0,"ocean_custom_logo_mobile_max_width":0,"ocean_custom_logo_max_height":0,"ocean_custom_logo_tablet_max_height":0,"ocean_custom_logo_mobile_max_height":0,"ocean_header_custom_menu":"0","ocean_menu_typo_font_family":"0","ocean_menu_typo_font_subset":"","ocean_menu_typo_font_size":0,"ocean_menu_typo_font_size_tablet":0,"ocean_menu_typo_font_size_mobile":0,"ocean_menu_typo_font_size_unit":"px","ocean_menu_typo_font_weight":"","ocean_menu_typo_font_weight_tablet":"","ocean_menu_typo_font_weight_mobile":"","ocean_menu_typo_transform":"","ocean_menu_typo_transform_tablet":"","ocean_menu_typo_transform_mobile":"","ocean_menu_typo_line_height":0,"ocean_menu_typo_line_height_tablet":0,"ocean_menu_typo_line_height_mobile":0,"ocean_menu_typo_line_height_unit":"","ocean_menu_typo_spacing":0,"ocean_menu_typo_spacing_tablet":0,"ocean_menu_typo_spacing_mobile":0,"ocean_menu_typo_spacing_unit":"","ocean_menu_link_color":"","ocean_menu_link_color_hover":"","ocean_menu_link_color_active":"","ocean_menu_link_background":"","ocean_menu_link_hover_background":"","ocean_menu_link_active_background":"","ocean_menu_social_links_bg":"","ocean_menu_social_hover_links_bg":"","ocean_menu_social_links_color":"","ocean_menu_social_hover_links_color":"","ocean_disable_title":"on","ocean_disable_heading":"on","ocean_post_title":"","ocean_post_subheading":"","ocean_post_title_style":"default","ocean_post_title_background_color":"","ocean_post_title_background":0,"ocean_post_title_bg_image_position":"","ocean_post_title_bg_image_attachment":"","ocean_post_title_bg_image_repeat":"","ocean_post_title_bg_image_size":"","ocean_post_title_height":0,"ocean_post_title_bg_overlay":0.5,"ocean_post_title_bg_overlay_color":"","ocean_disable_breadcrumbs":"off","ocean_breadcrumbs_color":"","ocean_breadcrumbs_separator_color":"","ocean_breadcrumbs_links_color":"","ocean_breadcrumbs_links_hover_color":"","ocean_display_footer_widgets":"default","ocean_display_footer_bottom":"default","ocean_custom_footer_template":"0","footnotes":""},"class_list":["post-1328","page","type-page","status-publish","hentry","entry"],"_links":{"self":[{"href":"https:\/\/wienerneustadt1.at\/index.php\/wp-json\/wp\/v2\/pages\/1328","targetHints":{"allow":["GET"]}}],"collection":[{"href":"https:\/\/wienerneustadt1.at\/index.php\/wp-json\/wp\/v2\/pages"}],"about":[{"href":"https:\/\/wienerneustadt1.at\/index.php\/wp-json\/wp\/v2\/types\/page"}],"author":[{"embeddable":true,"href":"https:\/\/wienerneustadt1.at\/index.php\/wp-json\/wp\/v2\/users\/1"}],"replies":[{"embeddable":true,"href":"https:\/\/wienerneustadt1.at\/index.php\/wp-json\/wp\/v2\/comments?post=1328"}],"version-history":[{"count":18,"href":"https:\/\/wienerneustadt1.at\/index.php\/wp-json\/wp\/v2\/pages\/1328\/revisions"}],"predecessor-version":[{"id":2930,"href":"https:\/\/wienerneustadt1.at\/index.php\/wp-json\/wp\/v2\/pages\/1328\/revisions\/2930"}],"wp:attachment":[{"href":"https:\/\/wienerneustadt1.at\/index.php\/wp-json\/wp\/v2\/media?parent=1328"}],"curies":[{"name":"wp","href":"https:\/\/api.w.org\/{rel}","templated":true}]}}